e -3*a - 22518 = -3*u, -24*u - 15012 = -26*u - a. List the prime factors of u.
2, 3, 139
Let v(y) = 1357*y - 3775. List the prime factors of v(25).
2, 3, 5, 67
Suppose 208*u + 5*v = 203*u + 48195, 3*v = u - 9643. What are the prime factors of u?
2, 5, 241
Let t(l) = -2*l + 15. Let k be t(5). List the prime factors of ((-1040)/k)/(-2) - -1.
3, 5, 7
What are the prime factors of ((-2012)/8 + 1 - 2)*(-16236)/330?
3, 41, 101
Let w(f) = 37484*f + 1648. What are the prime factors of w(2)?
2, 61, 157
Let z(w) = 4*w - 22. Let s(f) = 1. Let p(y) = -5*s(y) + z(y). Let t be p(8). Suppose 3*a + 237 = 3*q, t*q + 2*a = 191 + 225. List the prime factors of q.
2, 41
Let r(j) = -194*j - 15. Suppose -4*w = -16*l + 11*l - 3, -3*l - 3*w - 18 = 0. List the prime factors of r(l).
3, 7
Let u(z) = -44*z - 64. Let o(d) = -15*d - 21. Let f(m) = -8*o(m) + 3*u(m). Let r(w) = 14*w**2 + 101*w + 12. Let l be r(-7). What are the prime factors of f(l)?
2, 3, 7
Let x = -1360 - -4938. List the prime factors of x.
2, 1789
Let t be ((-624)/(-260))/((-4)/(-90)). Suppose -27*i = -t*i + 24192. List the prime factors of i.
2, 7
Let c = 286 - 284. Suppose -4*n + 2*w + 50 = 0, -c*w + 16 = n + n. What are the prime factors of n?
11
Let m(i) = 2 + 37*i**2 - 1 - 31 - 68*i - i**3. List the prime factors of m(35).
2, 5
Suppose 12*t - 2*t = -6*t + 161232. List the prime factors of t.
3, 3359
Let d(k) = -249*k**3 - 11*k**2 - 2. What are the prime factors of d(-2)?
2, 7, 139
What are the prime factors of 17659 - (3 + -25 + 13)?
2, 7, 631
Let j(b) = -9*b + 21. Let n(v) = 8*v - 21. Let x(q) = -2*j(q) - 3*n(q). Let d be x(-7). Let w = 101 - d. List the prime factors of w.
2, 19
Suppose 4*j = 3*j - 5*y + 6, 4*j = y + 108. Let p(b) = 2*b - 46. Let n be p(j). What are the prime factors of (-3120)/18*n*(-3)/12?
2, 5, 13
Suppose -40*b - 5740 = -50*b. Suppose -2*t + 3*l + b = 0, 0*t + 3*t = l + 854. What are the prime factors of t?
2, 71
Let l = 11246 - 5616. List the prime factors of l.
2, 5, 563
Let i = 13471 + -11303. What are the prime factors of i?
2, 271
Let d be -5*1 - (59 + -66). Suppose -548 = d*u - 2908. List the prime factors of u.
2, 5, 59
Suppose -4*c = -4*s + 8*s - 548, 0 = -3*s - 4*c + 411. Suppose s*t - 1002 = 135*t. What are the prime factors of t?
3, 167
Let j(h) = 17796*h**2 - 429*h - 859. What are the prime factors of j(-2)?
7, 10169
Suppose 90*g + 1007768 = 274*g. What are the prime factors of g?
5477
Let w = -42 + 51. Let c be (-6)/w + 32/12. Suppose 3*p + 513 = -2*z + 1279, -2*p + 494 = -c*z. What are the prime factors of p?
2, 3, 7
Let z(p) = p**2 - 5*p + 6. Let o be z(4). Let a(f) = -9 + 9*f - 3*f - 2*f + o*f + 2*f**2. List the prime factors of a(8).
167
Let v be 57/11 + 58/(-319). Suppose 0*i + 263 = i - v*y, -4*i + 5*y = -1127. What are the prime factors of i?
2, 3
Let l be (80/60)/(-1 + (-903)/(-909)). List the prime factors of (-1 - l) + 3 + 0 + 1.
5, 41
Suppose 9140 = 2*c + 4*s, 3*c - 4*s - 9148 = c. Suppose 6*i - 3*i - c = 0. What are the prime factors of i?
2, 3, 127
Suppose 4*k - 12240 = 4*v, k - 5*k = -2*v - 12228. What are the prime factors of k?
2, 3, 509
Let s = 387 + -363. Let j(w) = 5*w - 113. List the prime factors of j(s).
7
Let c = 1511 + -934. Suppose -c = -70*k + 69*k. What are the prime factors of k?
577
Suppose 0 = 4*i + 5*i. Suppose z + 2 + 1 = i. Let u(j) = -2*j**3 + 2*j**2 + j + 5. List the prime factors of u(z).
2, 37
List the prime factors of (122/2)/(99/24 - 4).
2, 61
Let h(n) = -5*n**2 - 3*n - 16. Let l be h(-3). Let m = l - 74. List the prime factors of (m/9)/(26/28 + -1).
2, 7
Let r(j) = 7*j + 43. Let u be r(-7). Let g be u/8 + 4842/(-72). Let l = g - -125. List the prime factors of l.
3, 19
Suppose 0 = 5*n - 5*w + 2602 + 3863, 3*w + 3903 = -3*n. Let v = -431 - n. List the prime factors of v.
2, 433
Let z(l) = 5*l + 45. Suppose -3*q - 3*m - 9 = 0, 0 = -q - 3*m - m - 12. What are the prime factors of z(q)?
3, 5
Suppose -3*g = -3*f + 984, -3*f - 5*g + 0*g + 968 = 0. Let j = 458 - f. What are the prime factors of j?
2, 3, 11
Suppose 2*y + 6*y = 40. Suppose -y*j = -0*j + 2*b - 3198, 3*j = 2*b + 1922. List the prime factors of j.
2, 5
Let c be 4*10/12*(-6)/(-4). Let w be 112/c - (-2 + 48/20). Let i = w - 16. What are the prime factors of i?
2, 3
Let p(n) = -30*n**3 + 2*n**2 - n. Let h be p(1). Let o be -1 + -2 - 3*h. Let l = -67 + o. What are the prime factors of l?
17
Suppose 2*l + 4*g - 14863 = 7*g, -3*l = -g - 22291. Suppose 0*d + l = 5*t - 5*d, -3*d = -15. What are the prime factors of t?
3, 7, 71
Suppose -14 + 221 = 23*j. Suppose -i - 3*a + 1049 = 0, 0 = -j*i + 13*i + 2*a - 4176. List the prime factors of i.
7, 149
Let k = -16946 - -25022. What are the prime factors of k?
2, 3, 673
Suppose 14*x + 2858613 = 275*x - 2528166. List the prime factors of x.
20639
Let p(u) = 8*u**3 + 14*u**2 - 10*u + 30. What are the prime factors of p(8)?
2, 7, 353
Let h(k) be the second derivative of 13/4*k**5 - 1/6*k**3 + 1/6*k**4 - 9*k + 0*k**2 + 0. What are the prime factors of h(1)?
2, 3, 11
Let l = -12 - -18. Suppose -s - 520 = -l*s. Suppose s = c + 7*c. List the prime factors of c.
13
Let m(n) = n**3 - 23*n**2 - 8*n - 25. Let j be m(25). Let l = j + -480. What are the prime factors of l?
5, 109
Suppose 4*u + 4 = q - 3, -q + 1 = 2*u. Suppose 1472 + 2671 = q*d. What are the prime factors of d?
1381
Suppose 0 = 25*d - 12*d - 61126. What are the prime factors of d?
2, 2351
Let g(u) = 463*u**2 + 126*u - 518. What are the prime factors of g(4)?
2, 3697
List the prime factors of 2/(-14 + 13) - -2338.
2, 73
List the prime factors of 1741071/24 - (-1)/16*6.
5, 11, 1319
Suppose 6 = 2*q, -5*a - q = q - 671. Let j = a + -69. Suppose d - j = 2*x, 4*d - 2*x - 360 = -d. What are the prime factors of d?
2, 37
Let b = -1585 - -2278. Suppose -14*o + b = -4529. What are the prime factors of o?
373
Let t(u) = u**3 + 3*u**2 - 5*u - 12. Let l be t(-3). Let z be (-42)/(-4)*2/l. List the prime factors of 908/z + (-16)/(-56).
2, 5, 13
Suppose 10*y = 9*y - 5. Let n be y/(10/4902)*2/(-6). Suppose -25 = 12*o - n. List the prime factors of o.
2, 3, 11
Suppose -150*x + 137*x = -26081 - 1830. What are the prime factors of x?
19, 113
Let i = 23366 + -19836. List the prime factors of i.
2, 5, 353
Let u = 99 + -166. Let y = 68 + u. What are the prime factors of (7/(-14))/(y/(-214)) - 0?
107
Let b = -10257 + 18834. What are the prime factors of b?
3, 953
Suppose 19 + 6 = -5*w. Let z be -2 + 5/w + 139. Let t = z + -40. What are the prime factors of t?
2, 3
Suppose -14*i = -65111 - 324747. What are the prime factors of i?
27847
Let f = 7028 + 7435. What are the prime factors of f?
3, 1607
Suppose -4*y = t - 7, -2*t + 0 = 2. Suppose -5*b + m - 3*m + 1028 = 0, -3*m - 415 = -y*b. What are the prime factors of b?
2, 103
Suppose 5*z = 37 - 12. Suppose 0 = 2*i + 1 - z. Suppose -q = -5 - i. List the prime factors of q.
7
Let j be 1*8 + (359 - 14). Suppose -13*p + j = -11. List the prime factors of p.
2, 7
Let q(w) = w**2 - 11. Let g be q(-2). Let n(s) = -s**3 + 5*s**2 + 3*s + 12. List the prime factors of n(g).
3, 193
Let u(b) = -b**3 - 13*b**2 + 9*b - 2. Suppose -87 + 15 = -6*r. Let a = -2 - r. What are the prime factors of u(a)?
2, 17
Suppose -16*y = -7*y - 657. Suppose -c + i + y = -154, -3*i = -4*c + 910. List the prime factors of c.
229
Suppose -n - 31 = 2*g, 0 = g - 3*n - n + 38. Let b = 18 + g. Suppose b = 10*z - 4*z - 318. What are the prime factors of z?
53
Let y be -1 + 3 - (-7505 + -4). Let n be (-2)/(-7) - y/49. Let l = n + 287. List the prime factors of l.
2, 67
List the prime factors of 18/33 + 31597/11 + -18.
5, 571
Let o(q) = -2*q - 12. Suppose 18 = 3*l - 30. Let a be o(l). Let m = -10 - a. What are the prime factors of m?
2, 17
Let c = -7 - 0. Let n = 9 + c. Suppose 4*m - t - 354 = 0, 3*m - 263 = -n*t + 4*t. What are the prime factors of m?
89
Suppose 0 = -34*u + 139047 - 35245. What are the prime factors of u?
43, 71
Let d be 5/(-10) + 25/(-2). Let i(z) = z**2 - 7*z - 44. What are the prime factors of i(d)?
2, 3
Let v(j) = 0*j - 49 + 2*j - 1711*j**2 + 1715*j**2. What are the prime factors of v(10)?
7, 53
Let k(f) = -85*f - 127 - 35 + 224. What are the prime factors of k(-4)?
2, 3, 67
Let l be 36/48 - (0 - 49/4). Suppose -1977 = -l*u + 1533. List the prime factors of u.
2, 3, 5
Suppose